 remainder when v(-13) is divided by k?
11
Let i(d) be the first derivative of 8*d**2 - 15*d - 138. Calculate the remainder when i(10) is divided by 26.
15
Suppose g + 4*g - 90 = 5*i, -3*g + 54 = 3*i. Suppose -9322*s - 9320*s - 1952 = -18658*s. Calculate the remainder when s is divided by g.
14
Suppose 3*p = 4*p - 8. Let y be (-822)/(-54) - (4 - 34/9). Suppose 91 + 74 = y*d. Calculate the remainder when d is divided by p.
3
Suppose -2*g - 8*g = 0. Suppose 4*p + 23 - 67 = g. Let u(t) = t**3 + 7*t**2 + 4*t + 9. What is the remainder when u(-6) is divided by p?
10
Let u(a) = a**3 + 8*a**2 + 13*a + 206. Calculate the remainder when 854 is divided by u(-9).
6
Suppose -4*g = -2*y + 46, 4*y = y - g + 48. Let u(f) = 132*f**2 + 160*f + 316. What is the remainder when u(-2) is divided by y?
14
Let b be (8/2 - 11) + 4 + 3. Let g(m) = -67*m - 4. Let w be g(-5). Suppose b*r = -2*r + 8, 3*a + r = w. Calculate the remainder when a is divided by 28.
25
Suppose 3*n + 5*i + 5 = -2*n, 3*n - 18 = 4*i. What is the remainder when 215 is divided by 2 + -2 - -3 - (-31 + n)?
23
Suppose -5*y + 0*x + 4*x + 102 = 0, 3*y - 3*x - 60 = 0. Let t = -17 + y. Suppose -o - 4 + t = 0. What is the remainder when 2 is divided by o?
0
Suppose 88*x - 91*x + 2*z = -2521, 2541 = 3*x + 3*z. What is the remainder when x is divided by 832?
11
What is the remainder when ((-11)/(99/(-138)))/((-1)/(-537)*2) is divided by 58?
57
Let k = 32740 + -28118. What is the remainder when k is divided by 272?
270
Suppose -u + 3*z = -135, 5*u = 4*z + 489 + 153. Suppose 2 + u = 8*c. What is the remainder when 54 is divided by c?
6
Suppose -73*a = -72*a - 3. Suppose 6*g = -a*g + 126. Suppose 4*h = -d + 3*h + 64, -3*h - 12 = 0. What is the remainder when d is divided by g?
12
Let p(i) = -4*i**3 - 10*i**2 + 4*i + 8. Calculate the remainder when 587 is divided by p(-3).
13
Let y be 2487/7 + 0 - 2/7. Let p = y + -314. Calculate the remainder when 204 is divided by p.
40
Let v be (-15*((-21)/(-9) + 5))/(-2). Let s = v - 29. Calculate the remainder when 204 is divided by s.
22
Suppose 0 = -5*p - 2*y + 512, 0 = -5*p + 17*y - 18*y + 511. Calculate the remainder when 151 is divided by p.
49
Let d be (-37)/(-185) - (0 + (-1542)/(-10)). Let c = -138 - d. Calculate the remainder when c is divided by 2.
0
Suppose z - 3*i - 184 + 59 = 0, 4*i - 104 = -z. Suppose p = z - 47. What is the remainder when 205 is divided by p?
67
Let x be (0 - 16366/8) + 2/(-8). Let f be x/44*(-4)/(-18)*6. Let o = -53 - f. Calculate the remainder when 16 is divided by o.
7
Let y = -46 - -81. Suppose -52*r + 504 = -61*r. What is the remainder when (r/(-21))/8*201 - 0 is divided by y?
32
Let v = -433 - -1072. Suppose -32*o = -23*o - v. Calculate the remainder when o is divided by 27.
17
Let p(i) = -i**2 + 15*i + 65. What is the remainder when 917 is divided by p(10)?
112
Let q be (-5 - 4)*(-74)/(-2). Let v = q + 189. What is the remainder when 22 is divided by v/(-14) - (-16)/(-56)?
2
Let v(i) = 2*i**2 + 39*i - 37. Let a(w) = -4*w**2 - 13*w + 10. Let c be a(-5). Calculate the remainder when v(c) is divided by 8.
6
Let g be 202/(-1 - (1 + -3)). Let d = g - 91. Suppose 255*q + 133*q - 5282 = 110*q. Calculate the remainder when d is divided by q.
16
Suppose -8*n + 4*g + 1668 = -4*n, -g = -2*n + 834. What is the remainder when n is divided by 141?
135
Suppose b - 6 = -3. Suppose 0 = -q - 4 + b, 3*q - 9 = -3*r. Suppose -r*a + 252 + 356 = 0. Calculate the remainder when a is divided by 39.
35
Let o be (-3)/8 + (-74)/16. Let b = o + 10. Suppose -3*r + 12 = -r - 5*f, 4*r + b*f = 54. Calculate the remainder when 53 is divided by r.
9
Suppose -5*h + 3*q - 1 = -16, -h + 2*q = 4. Suppose 0 = -n + 6 - h. Suppose -5*b + 28 + 67 = n. What is the remainder when 53 is divided by b?
15
Suppose 12 = -338*m + 342*m. Suppose -k = m*b - 48, 22*k - 69 = -4*b + 19*k. Calculate the remainder when 24 is divided by b.
9
Let v(n) = n**3 + 45*n**2 - 97*n - 82. Calculate the remainder when 446 is divided by v(-47).
33
Suppose 0 = -c + 3*w + 22 + 18, -2*c - 4*w + 80 = 0. Let b = 108 + 91. Calculate the remainder when b is divided by c.
39
Suppose -3*g - 39 = -5*z, 3*g - 1 = 2*z - 31. Calculate the remainder when 207 is divided by (-418)/g + (5 - (-63)/(-12)).
51
Let u = 1784 - 1769. Let l = 538 - 270. Calculate the remainder when l is divided by u.
13
What is the remainder when 86 is divided by ((-760)/304)/((-5)/168)?
2
Let x be (-10)/(-75) + -56*(-2)/60. Suppose 5*w = -g + 303, 4*g = -2*w - x*w + 252. Calculate the remainder when 237 is divided by w.
57
Suppose -529 = -5*l - 4*s, 0*l + 416 = 4*l - 4*s. Suppose 78 = -l*i + 107*i. What is the remainder when 116 is divided by i?
38
Suppose -2*y + 5*p = -152, -245 = -3*y - 252*p + 251*p. Calculate the remainder when y is divided by 41.
40
Let f = 65 - 40. Calculate the remainder when f is divided by (-4)/((24/(-6) - -2) + 1).
1
Calculate the remainder when 112 is divided by (0 - 6/(-3)) + (3564/3)/18.
44
Suppose 0 = 91*m - 92*m + 124. Suppose 48*x - 46*x = m. Calculate the remainder when 122 is divided by x.
60
Let g(x) = 52 - 21*x**2 + 96*x - 20*x + 9 - 3*x - x**3. What is the remainder when 363 is divided by g(-24)?
30
Let m be 18*3/6*(3 + -30). Let v = m - -302. Calculate the remainder when v is divided by 15.
14
Let i(m) = m**3 - 25*m**2 + 26*m + 5. Suppose 0*b = 3*b + 15, 5*b + 1 = -v. Let n be i(v). Let r = n + 72. What is the remainder when r is divided by 18?
17
Let f = -6211 + 6793. Calculate the remainder when f is divided by 13.
10
Let g be (-202)/10 + (-2)/(-10). Let i be 474/(-30) + 4/g. Calculate the remainder when 6/(((-84)/i)/7) is divided by 5.
3
Let g = -7885 + 8430. Calculate the remainder when g is divided by 158.
71
Let c(h) = 10*h**2 - 8*h + 24. Suppose -185*g = -170*g - 75. Calculate the remainder when c(g) is divided by 36.
18
Let t(i) = -i**3 - 18*i**2 - 45*i + 24. What is the remainder when 2422 is divided by t(-15)?
22
Let f = -6563 + 7470. Calculate the remainder when f is divided by 91.
88
Suppose -3*i = -4*r + 134, -3*i - 4*r = -2*i + 34. Let t = -16 + 13. Calculate the remainder when 2 - (-1 - (t + (0 - i))) is divided by 9.
6
Suppose -2*b + 7*b = -2*v + 66, b = -3*v + 86. Suppose -3*i + 4*w = -121, -i - 4*w + v = -23. Let y = -39 + i. What is the remainder when 42 is divided by y?
2
Let d = 82 + -43. Suppose 76*l - 19529 = -5621. Calculate the remainder when l is divided by d.
27
Let f = -25 + 31. Suppose -2*q - 4 = -4*u + 8, 4*q + f = 2*u. Suppose -u*w + 5*r = -60, 0*r - 3 = -w - 4*r. Calculate the remainder when 25 is divided by w.
10
Suppose -15*p + 901 = 7066. Let b = 423 + p. Calculate the remainder when 46 is divided by b.
10
Suppose -865*d - 3628 + 7605 = -14188. Suppose -11 = -4*c - 31. Let f(t) = t**2 - 4*t - 7. Calculate the remainder when f(c) is divided by d.
17
Let z(l) = -l**3 + 10*l + 16. Let b be z(-2). What is the remainder when 37 is divided by 1/b + 0 - (-78)/8?
7
Let x(z) = -2*z**2 - 7*z + 2. Let h be x(-3). Suppose 70 = 5*w - 0*w - 5*m, m + 66 = h*w. What is the remainder when 219 is divided by w?
11
Suppose 4*a = -a + 5, 3*j = 4*a + 86. Let n = 12 + 16. Suppose -n = -3*l + 5. What is the remainder when j is divided by l?
8
Let o(u) = -u**3 + 3*u**2 + 13*u - 9. Suppose -3*k - 4*l + 86 = 0, 29 = -28*k + 29*k + l. Calculate the remainder when o(-6) is divided by k.
27
Let z be -33 - ((-6)/8 + 1/(-4)). Calculate the remainder when (-2)/(z/188)*(3 + 1) is divided by 8.
7
Suppose 4*c + 34*c = 4370. Let v = 24 + c. Calculate the remainder when v is divided by 4.
3
Let i(o) = 31*o**2 - 387*o. Calculate the remainder when i(-4) is divided by 19.
11
Let z = 7355 - 3745. What is the remainder when z is divided by 93?
76
Suppose -228*a - 44*a + 34376 = -2888. Calculate the remainder when 155 is divided by a.
18
Suppose 5754 = -12*v + 26*v. Calculate the remainder when v is divided by ((-71)/(-2) - 1)/(56/112).
66
Calculate the remainder when 354 is divided by (-4380)/(-110) + (8/(-22))/(-2).
34
Let v(a) = -12*a - 202. What is the remainder when (-1)/((-1)/4*1) + 1325 is divided by v(-23)?
71
Suppose -123*a = -128*a + 3290. What is the remainder when a is divided by 30?
28
Let u = 210 + -71. Let x(t) = -t**2 + 310*t - 19530. What is the remainder when u is divided by x(88)?
1
Let l